 the hundreds digit of 131968?
9
What is the tens digit of 614301?
0
What is the hundreds digit of 432795?
7
What is the hundreds digit of 1218426?
4
What is the ten thousands digit of 626932?
2
What is the hundreds digit of 1014174?
1
What is the hundreds digit of 2288203?
2
What is the thousands digit of 8393769?
3
What is the ten millions digit of 13681578?
1
What is the thousands digit of 1114905?
4
What is the tens digit of 67918?
1
What is the millions digit of 2534750?
2
What is the units digit of 27812?
2
What is the ten thousands digit of 667670?
6
What is the hundred thousands digit of 1292753?
2
What is the thousands digit of 476244?
6
What is the thousands digit of 8463783?
3
What is the hundred thousands digit of 287428?
2
What is the units digit of 4136638?
8
What is the thousands digit of 16157?
6
What is the units digit of 1095013?
3
What is the thousands digit of 284659?
4
What is the tens digit of 2057119?
1
What is the hundred thousands digit of 1619532?
6
What is the millions digit of 3811647?
3
What is the ten thousands digit of 473685?
7
What is the thousands digit of 38550720?
0
What is the hundred thousands digit of 3644592?
6
What is the hundreds digit of 206242?
2
What is the tens digit of 154888?
8
What is the hundreds digit of 288773?
7
What is the hundred thousands digit of 756564?
7
What is the hundreds digit of 8694255?
2
What is the thousands digit of 5116647?
6
What is the tens digit of 14507787?
8
What is the hundreds digit of 2765654?
6
What is the ten thousands digit of 5800325?
0
What is the tens digit of 231782?
8
What is the millions digit of 16412891?
6
What is the tens digit of 6972386?
8
What is the ten thousands digit of 55690?
5
What is the thousands digit of 763020?
3
What is the hundreds digit of 625699?
6
What is the thousands digit of 384399?
4
What is the units digit of 14851726?
6
What is the ten thousands digit of 2814435?
1
What is the millions digit of 4297876?
4
What is the tens digit of 425559?
5
What is the hundred thousands digit of 34479644?
4
What is the millions digit of 2114369?
2
What is the ten thousands digit of 615956?
1
What is the hundreds digit of 10733576?
5
What is the hundred thousands digit of 860857?
8
What is the tens digit of 4863580?
8
What is the ten thousands digit of 216866?
1
What is the tens digit of 4636996?
9
What is the thousands digit of 654076?
4
What is the millions digit of 2887806?
2
What is the units digit of 561125?
5
What is the hundreds digit of 5424199?
1
What is the tens digit of 3484190?
9
What is the units digit of 133977?
7
What is the hundreds digit of 1636363?
3
What is the ten thousands digit of 5133028?
3
What is the ten thousands digit of 5698370?
9
What is the hundreds digit of 10221775?
7
What is the hundred thousands digit of 193155?
1
What is the hundreds digit of 1565841?
8
What is the hundreds digit of 317711?
7
What is the hundred thousands digit of 125207?
1
What is the hundreds digit of 896153?
1
What is the thousands digit of 165143?
5
What is the hundreds digit of 591506?
5
What is the tens digit of 12364420?
2
What is the hundreds digit of 34747985?
9
What is the thousands digit of 2689789?
9
What is the millions digit of 2056966?
2
What is the tens digit of 890112?
1
What is the units digit of 17849163?
3
What is the units digit of 1126487?
7
What is the units digit of 6341691?
1
What is the tens digit of 361217?
1
What is the ten thousands digit of 165211?
6
What is the units digit of 24796?
6
What is the thousands digit of 230653?
0
What is the units digit of 8913939?
9
What is the hundreds digit of 26369913?
9
What is the hundred thousands digit of 2077885?
0
What is the tens digit of 2820816?
1
What is the units digit of 67514?
4
What is the tens digit of 3537723?
2
What is the hundreds digit of 1496360?
3
What is the tens digit of 7282801?
0
What is the tens digit of 325884?
8
What is the hundred thousands digit of 132030?
1
What is the hundred thousands digit of 3200444?
2
What is the millions digit of 7253357?
7
What is the ten thousands digit of 470216?
7
What is the thousands digit of 913044?
3
What is the millions digit of 2083405?
2
What is the ten thousands digit of 6400464?
0
What is the thousands digit of 1235360?
5
What is the millions digit of 4090604?
4
What is the thousands digit of 286052?
6
What is the units digit of 1224218?
8
What is the ten thousands digit of 154820?
5
What is the hundreds digit of 1429740?
7
What is the tens digit of 396860?
6
What is the ten thousands digit of 11407494?
0
What is the millions digit of 15646518?
5
What is the thousands digit of 1587179?
7
What is the thousands digit of 23468?
3
What is the units digit of 11947771?
1
What is the ten thousands digit of 102994?
0
What is the hundreds digit of 50828?
8
What is the units digit of 85431?
1
What is the ten thousands digit of 449374?
4
What is the tens digit of 406854?
5
What is the hundreds digit of 275549?
5
What is the ten thousands digit of 8787702?
8
What is the hundreds digit of 9482860?
8
What is the hundred thousands digit of 16657537?
6
What is the units digit of 20608939?
9
What is the ten thousands digit of 8462645?
6
What is the hundred thousands digit of 342793?
3
What is the units digit of 252075?
5
What is the units digit of 6190377?
7
What is the thousands digit of 8688205?
8
What is the ten thousands digit of 239691?
3
What is the units digit of 130052?
2
What is the thousands digit of 247105?
7
What is the hundreds digit of 459924?
9
What is the hundred thousands digit of 206123?
2
What is the units digit of 218794?
4
What is the tens digit of 22275?
7
What is the thousands digit of 4757270?
7
What is the thousands digit of 219987?
9
What is the ten thousands digit of 3909700?
0
What is the thousands digit of 2375328?
5
What is the units digit of 150247?
7
What is the hundreds digit of 312097?
0
What is the tens digit of 73224?
2
What is the tens digit of 23589147?
4
What is the ten thousands digit of 791708?
9
What is the hundreds digit of 411180?
1
What is the thousands digit of 881951?
1
What is the hundreds digit of 4306198?
1
What is the hundred thousands digit of 4279160?
2
What is the millions digit of 4095190?
4
What is the millions digit of 7500548?
7
What is the thousands digit of 1585295?
5
What is the units digit of 8209438?
8
What is the hundred thousands digit of 318143?
3
What is the hundreds digit of 778818?
8
What is the thousands digit of 150500?
0
What is the ten thousands digit of 585407?
8
What is the hundreds digit of 14112028?
0
What is the tens digit of 2013078?
7
What is the tens digit of 26147731?
3
What is the units digit of 124122?
2
What is the thousands digit of 349939?
9
What is the hundred thousands digit of 265802?
2
What is the tens digit of 382055?
5
What is the hundreds digit of 11278817?
8
What is the ten thousands digit of 746946?
4
What is the tens digit of 154742?
4
What is the hundred thousands digit of 253643?
2
What is the thousands digit of 28217?
8
What is the hundreds digit of 5720082?
0
What is the thousands digit of 512740?
2
What is the hundreds digit of 81262?
2
What is the hundred thousands digit of 3905467?
9
What is the units digit of 98539?
9
What is the ten thousands digit of 8631541?
3
What is the tens digit of 1177760?
6
What is the hundred thousands digit of 7449139?
4
What is the units digit of 179183?
3
What is the thousands digit of 1659981?
9
What is the tens digit of 4896436?
3
What is the tens digit of 16920378?
7
What is the ten thousands digit of 13473535?
7
What is the units digit of 3151945?
5
What is the hundreds digit of 3106894?
8
What is the tens digit of 6967218?
1
What is the millions digit of 9982058?
9
What is the hundred thousands digit of 159445?
1
What is the millions digit of 16639472?
6
What is the hundreds digit of 4757938?
9
What is the hundred thousands digit of 678939?
6
What is the hundreds digit of 215383?
3
What is the tens digit of 5843762?
6
What is the hundred thousands digit of 579218?
5
What is the units digit of 290316?
6
What is the ten thousands digit of 339179?
3
What is the hundreds digit of 5846690?
6
What is the ten thousands digit of 1286251?
8
What is the tens digit of 65302?
0
What is the ten thousands digi